409
Calculate the remainder when 221068 is divided by 22056.
508
What is the remainder when 19511012 is divided by 237?
224
Calculate the remainder when 416101 is divided by 138700.
1
What is the remainder when 1269393 is divided by 1269392?
1
What is the remainder when 11873697 is divided by 24232?
17
What is the remainder when 334395 is divided by 1401?
957
What is the remainder when 8271905 is divided by 476?
453
What is the remainder when 2194831 is divided by 59307?
472
What is the remainder when 34921 is divided by 8401?
1317
What is the remainder when 20402563 is divided by 54262?
51
What is the remainder when 16663203 is divided by 60?
3
What is the remainder when 1341949 is divided by 4040?
669
Calculate the remainder when 44078275 is divided by 24.
19
What is the remainder when 288523 is divided by 394?
115
What is the remainder when 2357221 is divided by 471302?
711
Calculate the remainder when 248298 is divided by 22257.
3471
What is the remainder when 373245 is divided by 619?
607
What is the remainder when 49373 is divided by 1259?
272
What is the remainder when 1010026 is divided by 1397?
1392
What is the remainder when 10789147 is divided by 75979?
129
Calculate the remainder when 25534234 is divided by 32.
26
Calculate the remainder when 18502 is divided by 4350.
1102
What is the remainder when 123559633 is divided by 6463?
6462
What is the remainder when 207567755 is divided by 66?
65
What is the remainder when 123739 is divided by 3637?
81
What is the remainder when 120286 is divided by 18857?
7144
Calculate the remainder when 7163 is divided by 1818.
1709
Calculate the remainder when 87126 is divided by 8706.
66
What is the remainder when 23058 is divided by 5558?
826
Calculate the remainder when 66574 is divided by 3058.
2356
What is the remainder when 143365 is divided by 3120?
2965
Calculate the remainder when 3145853 is divided by 2615.
8
Calculate the remainder when 601451 is divided by 1184.
1163
What is the remainder when 9453371 is divided by 12?
11
Calculate the remainder when 2838907 is divided by 3826.
15
Calculate the remainder when 15371901 is divided by 239.
138
Calculate the remainder when 30318238 is divided by 11385.
11368
Calculate the remainder when 55819020 is divided by 295.
5
Calculate the remainder when 54308 is divided by 2429.
870
What is the remainder when 49043 is divided by 43922?
5121
Calculate the remainder when 5876338 is divided by 7.
6
What is the remainder when 2423448 is divided by 503?
497
What is the remainder when 3209066 is divided by 3542?
14
What is the remainder when 301986 is divided by 9971?
2856
What is the remainder when 356821 is divided by 4458?
181
Calculate the remainder when 181463 is divided by 1646.
403
What is the remainder when 2823849 is divided by 207?
162
Calculate the remainder when 3562969 is divided by 17.
7
What is the remainder when 19813539 is divided by 798?
795
What is the remainder when 4506481 is divided by 83?
79
What is the remainder when 26252 is divided by 196?
184
What is the remainder when 225309371 is divided by 530?
11
Calculate the remainder when 603226 is divided by 35483.
15
What is the remainder when 792836 is divided by 158552?
76
Calculate the remainder when 2050184 is divided by 528.
488
What is the remainder when 463739 is divided by 51507?
176
Calculate the remainder when 7163 is divided by 311.
10
Calculate the remainder when 462205 is divided by 35533.
276
Calculate the remainder when 35830726 is divided by 403.
399
What is the remainder when 706940 is divided by 685?
20
What is the remainder when 10610403 is divided by 4234?
4233
Calculate the remainder when 79015 is divided by 12828.
2047
Calculate the remainder when 79247338 is divided by 189.
16
Calculate the remainder when 5897980 is divided by 190256.
44
What is the remainder when 88701403 is divided by 5543837?
11
What is the remainder when 987817 is divided by 476?
117
Calculate the remainder when 18677527 is divided by 9338758.
11
Calculate the remainder when 9599807 is divided by 6.
5
What is the remainder when 1870490 is divided by 9?
2
Calculate the remainder when 282335 is divided by 2192.
1759
Calculate the remainder when 1136261 is divided by 721.
686
Calculate the remainder when 4558725 is divided by 911741.
20
What is the remainder when 1731116 is divided by 24?
20
Calculate the remainder when 126612 is divided by 123122.
3490
Calculate the remainder when 11746705 is divided by 3460.
5
Calculate the remainder when 2359170 is divided by 1179583.
4
Calculate the remainder when 9931292 is divided by 1135.
42
What is the remainder when 14871870 is divided by 2974374?
0
Calculate the remainder when 1754316 is divided by 73096.
12
What is the remainder when 14304 is divided by 14024?
280
Calculate the remainder when 20301 is divided by 269.
126
Calculate the remainder when 72897 is divided by 2603.
13
What is the remainder when 277326 is divided by 507?
504
Calculate the remainder when 17230 is divided by 3622.
2742
Calculate the remainder when 81184505 is divided by 39.
38
What is the remainder when 119400 is divided by 284?
120
Calculate the remainder when 11495246 is divided by 5109.
5105
What is the remainder when 125627 is divided by 525?
152
What is the remainder when 3788843 is divided by 1262801?
440
Calculate the remainder when 2217707 is divided by 2151.
26
Calculate the remainder when 7748172 is divided by 74.
2
What is the remainder when 272238 is divided by 92?
10
Calculate the remainder when 20606 is divided by 896.
894
What is the remainder when 59894 is divided by 1306?
1124
Calculate the remainder when 4041387 is divided by 271.
235
What is the remainder when 4515 is divided by 1419?
258
What is the remainder when 1360132 is divided by 358?
90
What is the remainder when 2600560 is divided by 117?
1
What is the remainder when 4796662 is divided by 10098?
112
Calculate the remainder when 114696 is divided by 56562.
1572
What is the remainder when 219708919 is divided by 236?
235
What is the remainder when 1728754 is divided by 17111?
543
What is the remainder when 430571 is divided by 2507?
1874
Calculate the remainder when 359863924 is divided by 2340.
4
Calculate the remainder when 395567 is divided by 8.
7
Calculate the remainder when 1027728 is divided by 3710.
58
Calculate the remainder when 195500 is divided by 749.
11
What is the remainder when 64894675 is divided by 4135?
4120
Calculate the remainder when 1495464 is divided by 6559.
12
Calculate the remainder when 6505501 is divided by 95.
91
What is the remainder when 1674683 is divided by 83?
75
Calculate the remainder when 363673149 is divided by 1168.
1165
What is the remainder when 439087 is divided by 4857?
1957
Calculate the remainder when 3310444 is divided by 2914.
140
Calculate the remainder when 7392098 is divided by 9.
2
Calculate the remainder when 15495 is divided by 481.
103
What is the remainder when 4772607 is divided by 596566?
79
Calculate the remainder when 296935 is divided by 237.
211
Calculate the remainder when 1643062 is divided by 453.
31
Calculate the remainder when 608479 is divided by 101410.
19
Calculate the remainder when 1834189 is divided by 2054.
2021
Calculate the remainder when 28227063 is divided by 92.
83
What is the remainder when 1878680 is divided by 313080?
200
What is the remainder when 3312396 is divided by 5311?
3643
Calculate the remainder when 634118 is divided by 1876.
30
Calculate the remainder when 409006 is divided by 460.
66
What is the remainder when 5756515 is divided by 1176?
1171
Calculate the remainder when 69091 is divided by 5742.
187
What is the remainder when 117807 is divided by 117660?
147
What is the remainder when 10952 is divided by 6471?
4481
Calculate the remainder when 10982368 is divided by 86.
82
Calculate the remainder when 12108569 is divided by 17.
13
What is the remainder when 2848820 is divided by 39566?
68
What is the remainder when 31458 is divided by 60?
18
What is the remainder when 1691049 is divided by 631?
600
What is the remainder when 1079832 is divided by 24?
0
What is the remainder when 8519722 is divided by 2839571?
1009
What is the remainder when 1080339 is divided by 18622?
263
What is the remainder when 94509 i